{"id":258,"date":"2018-01-22T10:17:40","date_gmt":"2018-01-22T14:17:40","guid":{"rendered":"http:\/\/ayuntamiento.o\/transparencia\/?page_id=258"},"modified":"2026-03-16T07:15:08","modified_gmt":"2026-03-16T11:15:08","slug":"responsable-de-acceso-a-la-informacion","status":"publish","type":"page","link":"https:\/\/ayuntamientohiguey.gob.do\/transparencia\/responsable-de-acceso-a-la-informacion\/","title":{"rendered":"Responsable de Acceso a la Informaci\u00f3n"},"content":{"rendered":"<h4 class=\"paragraph ng-attr-widget\">Manfred Alexander Muller Rijo<\/h4>\n<h4><span style=\"color: #3366ff\"><strong>Responsable de Acceso a la Informaci\u00f3n (RAI)<\/strong><\/span><\/h4>\n<p><strong>Tel\u00e9fonos:\u00a0<\/strong>+1 (849) 512-1823<\/p>\n<p><strong>Tel\u00e9fono Ayuntamiento:\u00a0<\/strong>+1 (809) 554-2263 Ext. 286<\/p>\n<p><strong>Correo:<\/strong> accesoalainformacion@ayuntamientohiguey.gob.do<\/p>\n<p><strong>Direcci\u00f3n:<\/strong> Ave. Agust\u00edn Guerrero #03, Hig\u00fcey, Prv. La Altagracia, Rep. Dom.\u00a0<strong>Ayuntamiento Hig\u00fcey<\/strong>.<\/p>\n","protected":false},"excerpt":{"rendered":"Manfred Alexander Muller Rijo Responsable de Acceso a la Informaci\u00f3n (RAI) Tel\u00e9fonos:\u00a0+1 (849) 512-1823 Tel\u00e9fono Ayuntamiento:\u00a0+1 (809) 554-2263 Ext. 286 Correo: accesoalainformacion@ayuntamientohiguey.gob.do Direcci\u00f3n: Ave. Agust\u00edn Guerrero #03, Hig\u00fcey, Prv. La Altagracia, Rep. Dom.\u00a0Ayuntamiento Hig\u00fcey.","protected":false},"author":4,"featured_media":0,"parent":0,"menu_order":0,"comment_status":"closed","ping_status":"closed","template":"","meta":[],"_links":{"self":[{"href":"https:\/\/ayuntamientohiguey.gob.do\/transparencia\/wp-json\/wp\/v2\/pages\/258"}],"collection":[{"href":"https:\/\/ayuntamientohiguey.gob.do\/transparencia\/wp-json\/wp\/v2\/pages"}],"about":[{"href":"https:\/\/ayuntamientohiguey.gob.do\/transparencia\/wp-json\/wp\/v2\/types\/page"}],"author":[{"embeddable":true,"href":"https:\/\/ayuntamientohiguey.gob.do\/transparencia\/wp-json\/wp\/v2\/users\/4"}],"replies":[{"embeddable":true,"href":"https:\/\/ayuntamientohiguey.gob.do\/transparencia\/wp-json\/wp\/v2\/comments?post=258"}],"version-history":[{"count":9,"href":"https:\/\/ayuntamientohiguey.gob.do\/transparencia\/wp-json\/wp\/v2\/pages\/258\/revisions"}],"predecessor-version":[{"id":4614,"href":"https:\/\/ayuntamientohiguey.gob.do\/transparencia\/wp-json\/wp\/v2\/pages\/258\/revisions\/4614"}],"wp:attachment":[{"href":"https:\/\/ayuntamientohiguey.gob.do\/transparencia\/wp-json\/wp\/v2\/media?parent=258"}],"curies":[{"name":"wp","href":"https:\/\/api.w.org\/{rel}","templated":true}]}}